12342221?
-12342344
In base 16, what is -a8545 - -e?
-a8537
In base 8, what is -61 + -1052364?
-1052445
In base 5, what is 34140 + 13341143?
13430333
In base 5, what is 14041 - 123220?
-104124
In base 2, what is -1000010001111101011 + 11010010?
-1000010001100011001
In base 9, what is 774 + 147461?
148345
In base 9, what is -22815573 - 3?
-22815576
In base 11, what is -aa69 + -12860?
-22819
In base 3, what is 100 + 2012222010101222?
2012222010102022
In base 11, what is -34401a119 - 2?
-34401a120
In base 13, what is 7 + 1bcb39?
1bcb43
In base 11, what is -18 + 319413?
3193a6
In base 3, what is 11110112 + 21101222022?
21120102211
In base 5, what is 2403 + -24132?
-21224
In base 5, what is -11000324100 - -42?
-11000324003
In base 6, what is 3 + 3404101123?
3404101130
In base 5, what is 2211233210 - 11?
2211233144
In base 8, what is 57015264 - -10?
57015274
In base 14, what is -1c4a - 3a2?
-220c
In base 9, what is 3557634 - 24?
3557610
In base 12, what is -28b71464 + -3?
-28b71467
In base 2, what is 111111110100011 - -1100001100001?
1001100000000100
In base 12, what is 2ba9a0a - 0?
2ba9a0a
In base 12, what is -318 - 22051?
-22369
In base 3, what is 10 - -122002202100?
122002202110
In base 15, what is 6d + 21350?
213bd
In base 5, what is -1140 - -211210112?
211203422
In base 4, what is -11 - 231220120023?
-231220120100
In base 6, what is -152552223 - -101?
-152552122
In base 7, what is 14502 + -632?
13540
In base 9, what is -1608 - 56561?
-58270
In base 13, what is 32a + 8245?
8572
In base 12, what is 7 - -293954?
29395b
In base 9, what is 78 + 463438?
463527
In base 8, what is -333631052 - -16?
-333631034
In base 2, what is 111101111110101011010100 + -110?
111101111110101011001110
In base 12, what is 9741 - 209?
9534
In base 4, what is 2 + -13301232013?
-13301232011
In base 14, what is -b + 3608db?
3608d0
In base 13, what is -35bc12 + -47?
-35bc59
In base 7, what is 1332 + -13132?
-11500
In base 8, what is -760525564 - -3?
-760525561
In base 5, what is -401122 + -4113013?
-10014140
In base 14, what is 36 - -37b48?
37b80
In base 13, what is -246505a0 + -9?
-246505a9
In base 3, what is 12100111120110022 + -10?
12100111120110012
In base 5, what is 10321234 + -12042?
10304142
In base 4, what is 110122 - 23213?
20303
In base 10, what is -1 - -60559641?
60559640
In base 2, what is 1001000111101101101101 + 100?
1001000111101101110001
In base 4, what is -21233313 + -30021?
-21330000
In base 13, what is -927 + -2906a?
-29994
In base 8, what is -1455431 + 26?
-1455403
In base 6, what is -25030 + -5153?
-34223
In base 14, what is 1 - 10c84146?
-10c84145
In base 8, what is 2 + -74620315?
-74620313
In base 15, what is 2 + 19ec27e1?
19ec27e3
In base 7, what is 10 + -15423556?
-15423546
In base 6, what is 1205531345 - 2?
1205531343
In base 6, what is 12 + 143345132?
143345144
In base 7, what is 260 + 1120031?
1120321
In base 5, what is 2034022331 + 244?
2034023130
In base 4, what is 131133 + -3222001?
-3030202
In base 2, what is -11111110100110101010011111 - 100?
-11111110100110101010100011
In base 10, what is -83103 - -720?
-82383
In base 5, what is -1404021 - 1111103?
-3020124
In base 10, what is 2 - -1833183?
1833185
In base 4, what is -10233211221132 - 3?
-10233211221201
In base 3, what is -1122202010 + 12002211?
-1110122022
In base 9, what is -1843086 - -13?
-1843073
In base 9, what is -23182150 - 5?
-23182155
In base 7, what is -22 - -662654066?
662654044
In base 16, what is -40f02 - 106?
-41008
In base 9, what is -56 - -2114?
2047
In base 12, what is -106243b9 + -5?
-10624402
In base 4, what is 1 + -2002202023032?
-2002202023031
In base 4, what is 12210202 - 10101230?
2102312
In base 8, what is 472664 - 47?
472615
In base 2, what is 1101010010110 - -11000111000?
10000011001110
In base 9, what is -16852 - 423?
-17375
In base 13, what is -34969c2 - 1?
-34969c3
In base 11, what is 604a1a19 + -3?
604a1a16
In base 16, what is -1b5e - 2a1?
-1dff
In base 6, what is -1513203 - 543?
-1514150
In base 10, what is 4596 + 139373?
143969
In base 2, what is -110000110110111011000010 + 101?
-110000110110111010111101
In base 12, what is 1821 + 2baa?
480b
In base 15, what is 86 + 4c8a8c?
4c8b23
In base 11, what is -a18 - 2551?
-3469
In base 5, what is 4 - 14301143012?
-14301143003
In base 10, what is 333309 + -11?
333298
In base 12, what is -12aa67 - -1?
-12aa66
In base 12, what is ab95 - 5b50?
5045
In base 8, what is 344017020 - 1?
344017017
In base 15, what is -384 - 8ed6d?
-90202
In base 2, what is 1000100000110001000100 - -100110?
1000100000110001101010
In base 9, what is -5 + 25574158?
25574153
In base 6, what is 131 - -140012205?
140012340
In base 5, what is 2101100 + -220?
2100330
In base 3, what is 2010011 - 1002210122?
-1000200111
In base 3, what is 2120 + -100211001100122?
-100211001021002
In base 3, what is 1001002 + 20020112?
21021121
In base 15, what is -c116 - -73?
-c093
In base 15, what is -ba68112 + 3?
-ba6810e
In base 16, what is -8 - 111a8e?
-111a96
In base 11, what is -4 - -12a7558?
12a7554
In base 14, what is b19 + 6b52?
786b
In base 7, what is 65415 + 50?
65465
In base 10, what is 11963324 - -1?
11963325
In base 8, what is 11 + 2773154?
2773165
In base 4, what is 102220000203002 + -11?
102220000202331
In base 13, what is 13509b703 + 0?
13509b703
In base 4, what is 33 + 1033001120?
1033001213
In base 5, what is 2232343044 + -10?
2232343034
In base 6, what is 44 - -24300313?
24300401
In base 15, what is 6 + -3448a73?
-3448a6c
In base 6, what is -10511340 + -1023?
-10512403
In base 9, what is -777 - -45837?
45050
In base 15, what is 127ad3 - -87?
127b6a
In base 7, what is -61266303 - 0?
-61266303
In base 8, what is -13307666 - 4?
-13307672
In base 16, what is 3718464 - -3?
3718467
In base 11, what is 0 + -658a168?
-658a168
In base 4, what is 20133022 - 321?
20132101
In base 13, what is -28c + 93604?
93345
In base 3, what is -20110211210 + -1102102?
-20112021012
In base 4, what is -2012212322 - -1?
-2012212321
In base 13, what is -16ba549 - 9?
-16ba555
In base 5, what is 322001202 - 1114?
322000033
In base 11, what is -239 + -5845a?
-58698
In base 5, what is -3 - -23441333241?
23441333233
In base 11, what is 7 - -108a309?
108a315
In base 11, what is 16 + -36a337?
-36a321
In base 16, what is -35e01 + -9?
-35e0a
In base 3, what is -202 - -10111222112?
10111221210
In base 13, what is 1 - -295a7112?
295a7113
In base 9, what is 3 - 33753507?
-33753504
In base 12, what is 10900 + -a837?
2085
In base 11, what is 858 - -26a6?
3453
In base 14, what is 15 + 3778545?
377855a
In base 9, what is -13 - 3216833?
-3216846
In base 11, what is -11645 + 5117?
-7529
In base 16, what is -1e2c5994 - -2?
-1e2c5992
In base 6, what is 23125544414 - 3?
23125544411
In base 3, what is -21012012101 - 102020?
-21012121121
In base 10, what is 8721898 - 1?
8721897
In base 10, what is 6 + 10426782?
10426788
In base 9, what is -5 + -20485833?
-20485838
In base 15, what is -68581 - 4e?
-685d0
In base 2, what is 100 + 10100001111000000001000?
10100001111000000001100
In base 3, what is -200000102 - -1021111?
-121201221
In base 6, what is 445 + -1030454?
-1030005
In base 15, what is 38db6 + 17?
38dcd
In base 12, what is -3616a87 - 3?
-3616a8a
In base 7, what is -623652 + 116?
-623533
In base 2, what is 10011111111011001001111101011 - 10?
10011111111011001001111101001
In base 5, what is -43 - -242144112?
242144014
In base 5, what is -3101 - -43204111?
43201010
In base 7, what is 0 - 252102161?
-252102161
In base 14, what is 78d + -dbb6?
-d427
In base 5, what is 2 - 33204020?
-33204013
In base 7, what is 2255 - 6066302?
-6064014
In base 4, what is -113123 - 203231?
-323020
In base 16, what is -4 - a07a2ad?
-a07a2b1
In base 12, what is -999a + -14a43?
-22821
In base 2, what is 1111000001001000100110 + 1100?
1111000001001000110010
In base 9, what is -1210 + -70227?
-71437
In base 6, what is -34000 + 1300?
-32300
In base 16, what is 26854f91 - 3?
26854f8e
In base 14, what is -374ad - 37?
-37506
In base 4, what is 10223111 - 20211?
10202300
In base 15, what is -28a8 - -3348?
990
In base 16, what is -4 + -1b81949?
-1b8194d
In base 9, what is -6 - 3560863?
-3560870
In base 10, what is 188141943 - 5?
188141938
In base 16, what is 7e6 - -5dde?
65c4
In base 9, what is 142338 - -1313?
143652
In base 1